Let q(v) = -v**2 + 16*v + 2. What is the units digit of q(11)?
7
Let u(t) = -50*t**3 + t + 1. What is the units digit of u(-1)?
0
Let u = 2 + 2. Suppose x - 1 = -l, -u*x + 2*l - 3*l = -16. What is the units digit of x?
5
Suppose 0 = -2*r - 0*r. Let y(g) = g**2 + 2*g + 23. What is the units digit of y(r)?
3
Suppose 0 = -2*n - 0*g + 4*g + 90, -2*g + 10 = 0. Suppose 0 = 3*h + 2*h - n. Suppose -x - 1 = 3*f - 4*f, 5*f - h = -x. What is the units digit of f?
2
Let w = -150 - -213. What is the tens digit of w?
6
Let z = -54 + 57. What is the units digit of z?
3
Let g(l) = -9*l**2 + 7*l + 2. Let d(w) = -8*w**2 + 6*w + 2. Let f(a) = -5*d(a) + 4*g(a). What is the tens digit of f(3)?
2
Let l(i) = -i**2 + 4*i + 307. What is the units digit of l(0)?
7
What is the units digit of 18/12*-78*(-1)/3?
9
Let o(q) = q**2 + 9*q + 12. Let v be o(-8). Suppose -p + v = -3. What is the units digit of p?
7
Let v = -8 + 6. Let t = 0 - v. Suppose i - t = -i. What is the units digit of i?
1
Suppose v + 7 = 30. What is the tens digit of v?
2
Let t(o) = -4*o**3 - o**2 - o - 1. Let k be t(-1). Suppose -k*s + 3 = -2*s. What is the units digit of s?
3
Suppose x + 0 + 2 = 0. Let y(h) = -2*h**3 + 2*h**2 + 1. Let p be y(x). Let g = p - 14. What is the units digit of g?
1
Let o(v) = -9*v + 11 - 4*v + 14*v. Let j be o(-9). Suppose 32 = j*p - 4. What is the units digit of p?
8
Suppose -2*u + 60 = 2*u. What is the tens digit of u?
1
Suppose -5*d - 15 = 4*r - 8*r, 3*r - 11 = 4*d. Suppose 5*w - r = 155. What is the units digit of w?
2
Let s = 3 - -55. What is the units digit of s?
8
Let i = 447 + -234. What is the units digit of i?
3
Suppose -3*q + 6 = -5*q. Let c = q + 1. What is the units digit of 3/((-9)/c)*3?
2
What is the units digit of (-2 + -2)*168/(-16)?
2
Suppose -4*w + 4*b + 67 = -121, w + 2*b - 56 = 0. What is the units digit of w?
0
Suppose 5*p - 17 = 2*q, p - 2*q - 11 = -2*p. Suppose 36 = -w - p*w. Let j = -5 - w. What is the units digit of j?
4
Let a be (-2)/5 - 7/(-5). Suppose 25 = -4*c + a. Let u = c + 13. What is the units digit of u?
7
Suppose -k - 6 = -4*k. Suppose -4*x - k*b = -12, 4*b = -2*x - 2*x + 4. What is the units digit of x?
5
Let d(c) = c + 11. Let s be d(-8). Suppose -3*z + 24 = 3*i, -5*z - 38 = -s*i - 14. Let b = -4 + i. What is the units digit of b?
4
Let c(w) = w**3 + 2*w**2 - 6*w**2 - w + 2 - 2*w**3. What is the units digit of c(-4)?
6
Let n = -7 + 10. Suppose -9 - n = -3*k. Suppose 14 = -3*c + k*c. What is the units digit of c?
4
Let z be (4 - 0)/(2/(-4)). What is the units digit of 6 - -1 - z/(-4)?
5
What is the units digit of 920/(-16)*(-66)/15?
3
Suppose 9 = 2*p - 37. What is the units digit of p?
3
Let s(c) = 2*c**2 - 9*c. Suppose -17 - 1 = -3*r. What is the units digit of s(r)?
8
Suppose -4*g + 14 + 2 = 0. Suppose 4*t - 3*r = 173, r + 2*r + 85 = 2*t. Suppose g*n - 3*z - z = t, 43 = 5*n + z. What is the units digit of n?
9
Let i = 9 + -3. Suppose -2*z - 30 = -i*z + q, -2*z - q = -18. Suppose -2*n - z = -3*n. What is the units digit of n?
8
Let w(l) = l + 9. Let o be w(-5). Suppose -o*x - 10 = f, -3*x = -f - 4*f - 27. Let j(y) = -y - 2. What is the units digit of j(f)?
4
Let u = 1 + 23. What is the units digit of u?
4
Let j(y) = -y + 1 - 3 + 0. Let r be j(-6). Let l = 5 - r. What is the units digit of l?
1
Suppose -3*q = -3*v - 99, -4*q = -5*v + 4*v - 126. What is the units digit of q?
1
Let u(t) = t**3 - 7*t**2 + 10. Let d be u(7). Suppose 28 = 2*y + d. What is the units digit of y?
9
Let p be 6/(-8) + 4/(-16). Let t(d) = 6*d**3 + 1. Let m be t(p). What is the units digit of 2/(-3)*(m + 2)?
2
Suppose 5*w = 2*p - 23 - 6, -p + w = -10. Let l = -3 + p. What is the units digit of l?
4
Let r = -362 - -552. What is the tens digit of r?
9
Suppose -3 = -o - 0. Suppose u - 11 = 4*p, -5*p - 6 - 13 = -o*u. Let q = 5 - u. What is the units digit of q?
2
Let j = 2 + -3. Let x(z) = -17*z**3 + z. What is the tens digit of x(j)?
1
Let a(d) = -6*d - 13. What is the tens digit of a(-9)?
4
What is the units digit of 1 + 20/(-5) + 33?
0
Suppose -4*b = 5*j + 27, 0*b + 2*j = -2*b - 14. Let x = 11 + b. What is the units digit of 2/((-4)/x + 2)?
3
Let z = -2 + 4. Let v = 5 + z. What is the units digit of v?
7
Suppose 3*p - 7 - 32 = 0. Suppose 2*l + p = 3*l. Let j = l - -2. What is the units digit of j?
5
Let x = 8 - -15. Suppose x = -2*s + 61. What is the units digit of s?
9
Suppose -a + 32 + 26 = 0. What is the units digit of a?
8
Let m = 0 - 0. Suppose -5*g + m*g = -5. Let r = 0 + g. What is the units digit of r?
1
Let x = 76 + -52. What is the units digit of x?
4
Suppose 2*w + 99 = 43. Let v = w + 48. What is the units digit of v?
0
Let c = -32 - -41. What is the units digit of c?
9
Let l(u) = -11*u - 2*u**2 - 7*u**2 - 8 + 3*u**2 + 5*u**2. What is the units digit of l(-10)?
2
Let o = -3 - -3. Let y(i) = -i**3 + 3*i**2 - 2*i. Let b be y(2). Suppose h + 5*k + 18 = o, b = h - 3*k - k - 18. What is the units digit of h?
2
Let c be ((-456)/(-18) - 7) + (-4)/(-6). Suppose -50 = -4*t + 9*t. Let v = t + c. What is the units digit of v?
9
Suppose 9*p = -4*u + 4*p - 25, u + 2*p + 10 = 0. Let f = 11 - 3. Suppose u = -s - 4*y + 23, s + y - f = 2*y. What is the tens digit of s?
1
Suppose 4*d + 17 = -27. Let q = -8 - d. What is the units digit of q?
3
What is the units digit of 23/3 + 4/(-6)?
7
Let d(s) = 10*s**3 - s + 1. What is the units digit of d(1)?
0
Suppose 0 = v + 2*v - 105. What is the units digit of v?
5
Let q(i) = -i**3 - 7*i**2 - i - 7. Let k be q(-7). Suppose k = 3*d - 9 - 24. Let s = -1 + d. What is the tens digit of s?
1
Let d be 5/15*(1 - -2). What is the units digit of (d - 51/15)*-5?
2
Let l(j) = -j**3 + 8*j**2 - 8*j + 6. Let u be l(6). Suppose 8*i + u = 5*i. Let z = i + 19. What is the units digit of z?
9
Let w be (12/(-4))/((-6)/(-28)). Let b be w/49 - 46/(-14). Suppose b*o - o = 40. What is the units digit of o?
0
Let h(s) = -2*s + 5. Let j be h(-8). Suppose 3*g - j = 12. What is the units digit of g?
1
What is the tens digit of (-4080)/(-70) - 1*4/14?
5
Let t be ((-2)/6)/((-1)/9). Let z = 6 - t. Suppose -a + z = 1. What is the units digit of a?
2
Let r(c) = -3*c + 10. Let i(q) = q - 1. Let s(h) = 5*i(h) + r(h). What is the tens digit of s(10)?
2
Suppose 5*i - 5*c - 465 = 0, -2*c = 5*i - 0*c - 465. What is the units digit of i?
3
Let u = -7 - -10. Suppose -d + 14 = 2*r, d - 4*d = -u*r - 24. What is the tens digit of (d - -1) + (3 - 2)?
1
Let n = 2 + -11. Let j be (-1 + 10/4)*12. Let u = j + n. What is the units digit of u?
9
Let f be 0/(-5) - 10/(-2). Suppose z - f*k + 82 = 4*z, 4*k = -16. What is the units digit of z?
4
Suppose 0 = 2*p + 3*x - 46, -2*p + 0*x + 48 = 2*x. Suppose 2*g - p = 4. What is the tens digit of g?
1
Let c(g) = -6*g - 4. What is the tens digit of c(-8)?
4
Let d be 5 - 1*2/2. Suppose -c + d*c = 3. What is the units digit of c?
1
Let a = -2 + -3. What is the tens digit of ((-46)/(-4))/(a/(-10))?
2
Let w(n) = n**3 + n + 1. Let c be 0 + 1 - (2 + -1). Suppose -2*m = -c*m. What is the units digit of w(m)?
1
Suppose -3*p - 14 = -3*v + 136, 4*p = 20. What is the units digit of v?
5
Let b(g) = 4*g**2 + g + 9. What is the units digit of b(-3)?
2
Let g = 37 + 3. What is the tens digit of g?
4
Let d = 5 + 20. What is the tens digit of d?
2
Let k(q) = -q**2 - 7*q + 1. Suppose 53 = -5*i - 57. Let h = i + 16. What is the units digit of k(h)?
7
Let w(l) = l**2 - 2. What is the units digit of w(-3)?
7
Let m(h) = -h**3 - 8*h**2 - 11*h - 3. Let l be m(-8). What is the tens digit of l/7 + (-12)/84?
1
Let u = -13 - -16. Suppose -5*c = 5*w - 0*c - 205, u*w + c = 117. What is the tens digit of w?
3
Let d(n) = -2*n - 2. Let v be d(-3). Suppose 65 = v*k - 3*g, k + 0*g + g - 18 = 0. What is the units digit of k?
7
Let m(x) = 4*x**2 - 17*x + 12. Let g(z) = -19*z**2 + 12*z**2 - 35 + 11 + 33*z. Let o(q) = 3*g(q) + 5*m(q). What is the tens digit of o(12)?
1
Let b = -4 + 25. What is the tens digit of b?
2
Let z(y) = -y**2 + 17*y - 21. What is the tens digit of z(14)?
2
Let g(u) = -u**3 - 12*u**2 - 11*u + 6. What is the tens digit of g(-12)?
3
Let y(n) = 12*n**3 - n. Suppose g + 1 - 3 = 0. Suppose 2*j + 2*l = -6, -2*l + 2 = -g*j - 3*l. What is the units digit of y(j)?
1
Let n(o) = o**2 + 7*o - 5. Let k be n(-5). Let q = k + 24. What is the units digit of q?
9
Suppose